econd derivative of -l**5/20 + l**4/6 + l**3/3 + l**2/2 - 2*l. Give c(z).
-2
Let z(k) = 7*k**2 - 4*k + 3. Suppose -45*a + 3*f + 1 = -40*a, 2*a = 3*f - 5. What is z(a)?
23
Let u(p) = -4*p**2 - 3*p + 12. Let v(r) = r**2 - r. Let o(z) = u(z) + 5*v(z). Let q be 20 + 2 + 2848/(-178). Give o(q).
0
Let h(g) = -5 - 1 - g**2 + 11*g + 1. Let o(j) = -13*j**2 - 267*j - 371. Let r be o(-19). Calculate h(r).
13
Let v(w) = 3*w + 9. Let n(u) = -2*u**2 + 47*u - 72. Let j be n(22). Determine v(j).
-9
Let h(w) be the third derivative of w**5/60 - 17*w**4/24 + 4*w**3 + 7*w**2 + 3*w. Give h(14).
-18
Let j(s) = 4*s + 6 + s**3 - 17*s**2 - 19*s**2 + 31*s**2. What is j(5)?
26
Suppose 0 = -4*b + 3*h - 31, -b + 4*h - 24 = -0*h. Let j(s) = -s**3 - 4*s**2 - 2*s - 4. Determine j(b).
4
Let b be 1 + 5/((-5)/(-9)). Let y(n) = 3*n - b*n - 1 + 6*n + 2*n. What is y(5)?
4
Let f(q) = 2*q**3 + 5*q**2 + 8*q - 4. Let s(a) = 2*a**3 + 5*a**2 + 9*a - 5. Let l(g) = 6*f(g) - 5*s(g). Let p = 124 + -127. Determine l(p).
-17
Let f(a) = -a**3 + 8*a**2 - a - 11. Suppose b + 27 = 3*x, -2*x + 18 = 9*b - 5*b. Suppose 0 = 2*p - d - 11, -x*p - 3*d - 17 = -13*p. Give f(p).
-19
Let r(c) = -c**3 - 8*c**2 - 6*c + 2. Suppose 2*q = -8, -5*n + 5*q + 236 = q. Let m be (-34)/(-14) - n/(-77) - 10. What is r(m)?
-5
Let y(r) = r**2 + 2*r + 1. Let d(n) = 3*n**3 + 24*n**2 + n + 5. Let z be -8*6/4 - -4. Let i be d(z). Give y(i).
4
Let l(o) = o**2 - 6*o + 6. Let d = 4 - -5. Suppose -3*p = d + 3. Let v be (-5)/(p - (-7 - -4)). What is l(v)?
1
Let l(u) = 9*u**3 + u**2 + u. Suppose c = -v + 5, -c + 0*c + 13 = 2*v. Let w be (v - -4)*(-2)/(-4). Suppose -5*j = q + 4, 5*j - q = -w*q. Determine l(j).
-9
Let q(w) be the third derivative of -w**6/120 + 7*w**5/30 - 11*w**4/24 - 4*w**3 + 451*w**2. Give q(13).
2
Let d = -83 + 85. Let t(z) = 0 + 3 + 0*z**2 - z - 5*z**d + z**3 + 0*z. What is t(5)?
-2
Let y(u) = -u**3 + 5*u**2 - 5*u + 1. Let p = 1248 - 1244. Determine y(p).
-3
Let a(j) = 1 - 4*j + 3*j - 3*j + 5. Let f(d) = -d**3 + 8*d**2 - 9*d - 14. Let l be f(6). Calculate a(l).
-10
Let a(c) = -2*c + 4. Let h be a(4). Let j be (-6)/(-33) + h/22. Let y(g) = -5*g**2 - 3 + 2 + 6*g**2 + j - g**3. What is y(-2)?
11
Suppose -q + 2*q = 0. Let o(p) = -2*p + 4. Let g be o(q). Suppose 2*j = -5*i - 5, g*j = -3*i + 4*i + 23. Let w(a) = 2*a**2 + 3*a + 2. Give w(i).
11
Let s(l) = -l - 7. Let z be 0 - -2 - 8/1. Let w(n) be the first derivative of 3*n**2/2 + 12*n + 226. Let i be w(z). Give s(i).
-1
Let v(k) be the third derivative of k**4/8 + k**3/2 + 8*k**2 - 12*k. Suppose -1 = 2*l + 3*n, -n + 2 = 2*l + l. Let p = l - 3. Give v(p).
-3
Let a(i) = -i**2 - 4*i + 1. Let u be a(-5). Let p(k) = -7*k - 9*k + 0*k**2 + 13*k - 5*k**2 - 2 + 4*k**2. Calculate p(u).
-6
Let v = -13 + 14. Suppose -u + 2 = -v. Let d(a) = -a**3 + 3*a**2 - 2*a. Determine d(u).
-6
Let p(r) = -r**3 - 5*r**2. Suppose -396 = 9*x - 20*x. Suppose -u = 0, 14 = -z - 3*u - 27. Let w = z + x. Calculate p(w).
0
Let j(c) be the second derivative of -5*c**3/6 - 3*c**2 - c - 5. Give j(-7).
29
Let r(t) = t**2 + 4*t + 3. Suppose -54 = 21*k - 3*k. What is r(k)?
0
Let m(p) = -p**3 + 9*p**2 - 7*p + 8. Let c(j) = -j + 22. Let v be c(27). Let k be 9 - ((-20)/(-5) + v + 2). What is m(k)?
16
Let p(v) be the first derivative of -v**3/6 - 2*v**2 - v - 4. Let r(f) be the first derivative of p(f). Give r(-8).
4
Let m(x) = -x**2 + 10*x - 8. Let i be 112/168*42/4. Give m(i).
13
Let h(q) = 1 + q**3 - 2*q**3 - 43147*q + 2*q**2 + 2 + 43144*q. Let w = -1 + 3. Let d be (0 - 0)/1 + w. What is h(d)?
-3
Let t(o) be the third derivative of -o**4/24 - 8*o**3/3 + 2*o**2 - 171*o. Determine t(0).
-16
Let a(q) = -34*q + 6. Let o be a(2). Let u = -68 - o. Let z(r) = -r**2 - 6*r - 4. Determine z(u).
-4
Let g(v) be the third derivative of 4/3*v**3 - 7/24*v**4 + 0 - 1/60*v**5 + 0*v + 25*v**2. What is g(-7)?
8
Let v = 335 + -328. Let o(r) = -r**3 + 8*r**2 - 6*r + 7. Calculate o(v).
14
Let c(w) be the third derivative of -w**6/45 + w**5/60 - w**4/24 - 2*w**3/3 + 17*w**2. Let i(d) be the first derivative of c(d). What is i(1)?
-7
Suppose 0 = 2*j - 2*i - 6, 4*j - 4*i - 28 = 8*j. Let x(b) = -9*b - 2. Determine x(j).
16
Let u(x) = x - 2. Let z = 10 - 7. Let y be u(z). Let t(m) = 1 + 91*m - y - 92*m. Calculate t(2).
-2
Let c(r) = -r**3 - 7*r**2 - 16*r - 58. Let n be c(-6). Let d(g) = -g**3 + g**2 + 2*g - 2. Give d(n).
-2
Let f(y) = y**3 - 18*y + 21*y - 2*y**2 - 4 - 2*y**3. Calculate f(-3).
-4
Let c(b) = -15*b - b - b - 2*b + 1. Let t be (-10)/(-45) - (-21)/27. Calculate c(t).
-18
Let t(b) = 13 - 9 - 14*b**3 + 29*b**3 - 16*b**3 + 8*b**2 + 9*b + 12. Determine t(9).
16
Let p(n) be the third derivative of n**4/24 + n**3/6 - 8*n**2. Suppose 0*u = 4*u - j - 18, 4*u = 5*j + 10. What is p(u)?
6
Let f = -127 + 97. Let t be (f/12)/((-1)/2). Let j(d) = -2*d + 3. Calculate j(t).
-7
Let k(i) be the second derivative of 2*i**4/3 - i**2/2 + 34*i - 8. Suppose l - 2*y = -l + 4, -3*l + y = -4. Give k(l).
7
Let j(z) be the second derivative of -z**5/20 - 11*z**4/12 - 3*z**3/2 + 5*z**2 + 3*z. Let h be j(-10). Let q(p) = -p + 17. What is q(h)?
17
Let g = -93/58 - -61/29. Let h(s) be the third derivative of -1/30*s**5 + 0 + s**2 + 1/8*s**4 - 1/120*s**6 + 0*s - g*s**3. Give h(-3).
-3
Let c be (-6)/(-2) - (-2 - -7). Let j(u) be the third derivative of -u**6/60 - u**5/60 - u**4/12 - u**3/6 - 3*u**2. Determine j(c).
15
Let v(d) = -d**3 - d**2 + d. Suppose 9*f = 7*f + 6. Suppose -4*t - 2 = f*g + 4, -5*t + g = -2. Give v(t).
0
Let i be (1 + 1)*3/2. Let f(k) = -k**i + 14*k - 15*k + k**2 - 6*k**2 - 2. Let n(b) = -2*b + 13. Let q be n(9). Calculate f(q).
3
Let q(s) be the second derivative of -s**4/12 - 5*s**3/3 + 7*s**2/2 - 2*s + 26. Calculate q(-11).
-4
Let g be (1 + 5)/(18/9). Let m(v) = -6*v + 1. Calculate m(g).
-17
Let u(a) = a**2 - 8*a + 3. Suppose -6*n + 189 = n. Let y be n/5 + (-6)/15 + 0. What is u(y)?
-12
Let w(r) = 5*r**2 + 2*r - 28. Let i(c) = -7*c**2 - 3*c + 30. Let j(t) = -3*i(t) - 4*w(t). Determine j(0).
22
Let a(b) = -8*b + 53 - 6*b - 6*b + 27*b - 6*b. Give a(0).
53
Let y(r) = -r**2 - r - 1. Let j(w) be the first derivative of -w**4/4 + 4*w**3/3 + 6*w**2 - 4*w - 11. Let f be j(6). Determine y(f).
-13
Let k(a) = a**3 + 7*a**2 + 25*a**2 + 7 + 10*a - 24*a**2. Determine k(-6).
19
Let a be ((-5)/20*4)/(-1 + 2). Let j(c) = -c**2 + c. Let o(i) = i**3 - 2*i + 3. Let m(n) = a*o(n) - 4*j(n). What is m(3)?
0
Let s(q) = -1 + 5*q**3 - 11*q - 6*q**3 + 8*q + 5*q**2. Let h be s(4). Let a(r) = -r**3 - 5*r - r + 0*r**3 + h*r + 2. Give a(2).
-12
Let r(u) = u**2 + 4*u - 2. Let f(d) = 6*d**2 + 19*d - 10. Let g(z) = -z - 12. Let l be g(-10). Let m(i) = l*f(i) + 11*r(i). Give m(6).
-2
Let r = 1762 + -1764. Let a(g) = -4*g**2 - 3*g - 1. Give a(r).
-11
Let d be 16 - (-1 + -10 + 2). Let g(m) = m - 25. Calculate g(d).
0
Let q(m) be the first derivative of m**2/2 + 9*m + 2. Suppose -35*z + 3 = 213. Give q(z).
3
Let t(v) = -19*v**2 - v. Suppose -3*r - 3*o - o = -7, -4*r - 3*o + 14 = 0. Let m be r - 1 - 1 - 2. Calculate t(m).
-20
Let f(g) be the third derivative of g**5/60 + 3*g**4/8 + g**3/3 + 10*g**2. Let q(m) = 2*m**2 + 19*m + 3. Let k(d) = 7*f(d) - 3*q(d). Determine k(-4).
-3
Let l(n) = 4*n**3 - 2*n**2 - 3*n - 7. Suppose 8 = 4*w + 12. Let o(v) = -v**3 - v**2 + v. Let i(b) = w*l(b) - 3*o(b). Calculate i(5).
7
Let b = 69/124 - 7/124. Let s(l) be the first derivative of 12*l + 2 + b*l**2. Calculate s(-8).
4
Let a(d) = d**2 + 6*d - 20. Suppose 45 = -5*j + 4*o, -4*j + 3*o - 31 = 5. Let i be a(j). Let u(q) = -q**2 + 5*q + 2. What is u(i)?
-12
Let s = -481 - -484. Let l(t) be the second derivative of 7/2*t**2 + 0 + 10*t - 1/6*t**s. What is l(5)?
2
Let p(t) be the third derivative of t**5/60 + 5*t**4/24 + t**2 - 17. Determine p(-6).
6
Let a(p) = -7*p - 1. Let w(d) be the third derivative of 0 - 1/6*d**3 + 0*d - 1/4*d**4 - 8*d**2. Let s(t) = -5*a(t) + 6*w(t). Determine s(6).
-7
Let d(k) = k**2 - k + 1. Let a(p) = -p**2 + p - 1. Let r(f) = -6*a(f) - 7*d(f). Let v(s) = -s**3 - 19*s**2 - 80*s + 48. Let x be v(-12). Calculate r(x).
-1
Let v(h) = h**2 - 6*h - 3. Suppose -4*w - 3*c = -2*c - 23, -2*w + 5*c + 17 = 0. Let i be 1*(w - 5)/((-2)/(-6)). Calculate v(i).
-12
Let h = 17 + -3. Let f(b) = 5 - b - b**2 - h - 4. Determine f(0).
-13
Suppose -3*g + 8*g - z - 13 = 0, g - z - 5 = 0